**3 + 22*s**2 - 22*s - 18. Determine m(21).
-39
Let n(b) = -13*b**3 - 8*b**2 - 58*b - 59. Calculate n(-1).
4
Let w(a) = 2604*a + 5198. Calculate w(-2).
-10
Let s(y) = y**2 - 44. Determine s(-6).
-8
Let b(w) = -w**2 + 8708*w - 17412. Give b(2).
0
Let p(j) = 105*j**2 + 875*j + 276. Determine p(-8).
-4
Let z(q) = 26*q - 122. Determine z(10).
138
Let i(k) = -k**3 - 112*k**2 + 281*k - 7366. Give i(-115).
-6
Let r(v) = v**3 + 5*v**2 - 20*v - 43. What is r(-8)?
-75
Let j(r) = -24*r**3 - r**2 - 5*r + 6. Determine j(2).
-200
Let i(f) = f**3 + 75*f**2 - 231*f + 224. Give i(-78).
-10
Let q(j) = -j**3 - 2*j**2 + 36*j - 4. What is q(-6)?
-76
Let f(x) = -x**2 - 31*x - 126. Calculate f(-27).
-18
Let a(s) = 5*s**3 - 18*s**2 + 54*s + 1. Determine a(3).
136
Let w(x) = -59*x - 552. Give w(-9).
-21
Let g(u) = u**2 + 6*u + 15. Give g(5).
70
Let i(d) = -d**2 + 47*d - 550. Give i(25).
0
Let k(a) = -69*a + 744. Calculate k(12).
-84
Let s(x) = -x**3 - 24*x**2 - 87*x + 87. What is s(-19)?
-65
Let w(r) = r**2 + 54*r - 1290. Calculate w(-72).
6
Let y(o) = -2*o**2 + 83*o - 830. Determine y(13).
-89
Let w(h) = -h**2 + 47*h - 555. Determine w(22).
-5
Let l(n) = n**3 - 34*n**2 - 225*n + 19. What is l(-6)?
-71
Let c(r) = -2*r**2 + 34*r - 392. What is c(10)?
-252
Let a(l) = 11*l**2 - 25. Give a(0).
-25
Let b(a) = -a**2 + 84*a + 1380. Determine b(97).
119
Let k(h) = -19*h**3 - 4*h**2 + h + 6. Calculate k(-3).
480
Let w(z) = 6*z**2 + 283*z + 30. Determine w(-47).
-17
Let v(b) = 59*b - 116. Determine v(-3).
-293
Let h(p) = -7119*p + 106780. What is h(15)?
-5
Let n(u) = -201*u - 1616. Calculate n(-8).
-8
Let r(s) = s**2 + 28*s - 1576. Give r(28).
-8
Let l(u) = 4*u**2 - 46*u + 383. What is l(19)?
953
Let k(l) = -l**3 + 5*l**2 + 10*l - 20. Give k(7).
-48
Let t(k) = 17*k + 18. What is t(-10)?
-152
Let c(p) = p**3 - 61*p**2 + 64*p - 252. Determine c(60).
-12
Let b(v) = 213*v - 14346. What is b(67)?
-75
Let j(m) = -40*m - 3189. Give j(-79).
-29
Let a(s) = -12*s**2 - 2*s + 6. What is a(4)?
-194
Let t(h) = 28*h - 841. Calculate t(30).
-1
Let h(o) = -o**3 + 563*o**2 + 2274*o + 4. Calculate h(-4).
-20
Let n(f) = -5*f**3 + f**2 - 158*f + 158. Give n(1).
-4
Let x(f) = -f**2 - 6414*f + 122226. Give x(19).
-1
Let j(h) = -13*h**2 - 16*h - 117. Determine j(-6).
-489
Let f(b) = -2*b**3 + 53*b**2 + 72*b + 335. Determine f(28).
-1
Let u(d) = d**3 - 115*d**2 - 205*d + 10316. Give u(116).
-8
Let u(h) = 2*h**3 - 9*h**2 + h - 7. What is u(5)?
23
Let s(r) = -13*r**3 + 2*r**2 - 65*r + 177. What is s(3)?
-351
Let m(k) = -k**3 + 81*k + 80. Give m(-1).
0
Let k(v) = 318*v - 1119. Calculate k(4).
153
Let z(r) = -224*r + 1356. Calculate z(6).
12
Let b(p) = p**3 + 3*p**2 - 3*p - 5. Give b(-2).
5
Let a(m) = 5*m**3 - 8*m**2 - 2*m + 19. Give a(-2).
-49
Let j(f) = 32*f**2 + 3779*f + 371. Give j(-118).
17
Let a(l) = 35*l**2 + 202*l + 7. Determine a(-6).
55
Let g(i) = -11*i - 114. What is g(-6)?
-48
Let p(a) = 149*a + 1202. What is p(-8)?
10
Let r(x) = 13*x**2 - 3545*x - 1104. Give r(273).
-12
Let z(q) = q**2 + 2*q - 83. Calculate z(9).
16
Let g(q) = 452*q + 11550. Calculate g(-26).
-202
Let f(j) = 2*j**2 + 252*j + 5343. Give f(-27).
-3
Let x(k) = k**3 + k**2 - 7*k - 3. What is x(-7)?
-248
Let q(y) = -232*y + 5270. Calculate q(22).
166
Let t(x) = 2*x**3 + x**2 - 20*x - 13. Determine t(-5).
-138
Let w(o) = -72*o - 40. Calculate w(-7).
464
Let t(p) = -27*p**2 + 349*p - 42. Calculate t(13).
-68
Let v(q) = -486*q + 3887. Calculate v(8).
-1
Let h(g) = 227*g + 449. Give h(-2).
-5
Let d(y) = -471*y - 4701. Give d(-10).
9
Let s(i) = 2*i + 16. Determine s(-21).
-26
Let l(u) = -2550*u - 224418. What is l(-88)?
-18
Let w(a) = a**2 - 138*a + 489. Determine w(135).
84
Let q(s) = -s**3 + 9*s**2 + 404*s - 52. Determine q(25).
48
Let s(k) = k**3 + 27*k**2 - 122*k - 950. Determine s(-30).
10
Let b(v) = 6614*v + 244714. Give b(-37).
-4
Let h(y) = y**3 - 98*y**2 + 196*y - 314. What is h(96)?
70
Let u(t) = 24*t**2 + 247*t + 49. Calculate u(-10).
-21
Let r(a) = 6*a**3 + 299*a**2 - 1702*a + 170. What is r(-55)?
5
Let m(h) = h**2 + 32*h - 2656. Calculate m(-70).
4
Let y(v) = -v**3 - 22*v**2 + 60*v + 253. Determine y(-24).
-35
Let n(x) = 112*x - 262. Calculate n(6).
410
Let g(y) = y**3 - 22*y**2 + 61*y + 39. What is g(13)?
-689
Let l(v) = 12*v**2 + 81*v - 16. Give l(-7).
5
Let z(f) = 2*f**3 + 5*f**2 + 11*f + 5. Determine z(-4).
-87
Let n(z) = -17*z**2 - 20*z - 1. What is n(-2)?
-29
Let v(h) = 18*h**2 + 391*h + 1212. Calculate v(-18).
6
Let p(u) = u**3 + 312*u**2 - 48565*u + 117. What is p(114)?
3
Let n(f) = f**3 + 8*f**2 - 30*f - 26. Determine n(-12).
-242
Let w(z) = 45*z + 12. Determine w(0).
12
Let p(g) = -26*g + 762. Calculate p(19).
268
Let x(r) = -20*r - 97. Determine x(-5).
3
Let h(s) = -s**3 - 9*s**2 + 81*s - 49. Give h(-12).
-589
Let c(u) = 2*u**2 - 23*u - 4. Give c(7).
-67
Let s(z) = -6*z**2 - 9*z + 11. Calculate s(7).
-346
Let p(w) = -5664*w - 17064. What is p(-3)?
-72
Let c(h) = h**3 + 27*h**2 + 45*h - 49. Calculate c(-25).
76
Let y(a) = a**2 - 1318*a + 5251. Give y(4).
-5
Let p(z) = z**3 + 14*z**2 + 3*z - 149. What is p(-15)?
-419
Let o(p) = 1112*p + 11179. Determine o(-10).
59
Let b(x) = 8*x**3 - 3*x**2 + 214*x - 213. Determine b(1).
6
Let t(r) = -92*r**2 + 2300*r + 5. Calculate t(25).
5
Let a(p) = -p**3 + 35*p**2 + 38*p - 147. What is a(36)?
-75
Let a(d) = 37*d + 1453. Determine a(-42).
-101
Let r(s) = -207*s + 410. What is r(2)?
-4
Let o(r) = -2*r**2 + 22*r - 69. What is o(6)?
-9
Let h(l) = 7*l**2 + 11*l - 21. Determine h(4).
135
Let x(d) = d**2 + 730*d + 5105. Calculate x(-7).
44
Let x(o) = o**2 - 12*o + 11. Determine x(1).
0
Let b(r) = 129*r + 112. What is b(-1)?
-17
Let j(l) = -2*l**2 + 25*l - 68. What is j(4)?
0
Let o(g) = 9*g**2 + 45*g + 310. Give o(-7).
436
Let h(r) = 6*r**2 - 101*r - 64. Determine h(22).
618
Let x(o) = -o**2 - 138*o - 1226. Calculate x(-10).
54
Let p(a) = 14*a - 708. What is p(53)?
34
Let x(z) = -95*z + 891. Determine x(6).
321
Let u(n) = -n**3 + 2*n**2 - 10*n - 8. Give u(-3).
67
Let w(h) = -h**2 - 682*h - 26879. Determine w(-42).
1
Let m(p) = -57*p - 607. Determine m(-7).
-208
Let s(a) = a**2 + 43*a + 458. Calculate s(-19).
2
Let i(z) = -z**3 - 32*z**2 + 20*z + 101. Calculate i(-32).
-539
Let r(n) = -238*n + 1861. Give r(8).
-43
Let z(o) = -1540*o - 3077. Determine z(-2).
3
Let j(u) = -12*u**2 - 18*u - 40. Calculate j(-3).
-94
Let u(v) = v**2 + 12*v + 184. What is u(-18)?
292
Let i(x) = x**3 - 86*x**2 + 1522*x + 85. Determine i(25).
10
Let p(u) = -31*u - 203. Determine p(-6).
-17
Let p(n) = -4*n - 16. What is p(-5)?
4
Let z(k) = 81*k + 1031. Calculate z(-13).
-22
Let o(u) = 8*u**2 + 94*u + 314. Give o(-4).
66
Let f(k) = -2*k**3 - 21*k**2 + 42*k + 77. Calculate f(-12).
5
Let y(v) = 3*v**2 - 105*v + 1060. Give y(9).
358
Let a(j) = 4*j**2 + 4*j - 1. What is a(5)?
119
Let q(j) = 2*j**2 + 72*j - 3. Calculate q(-36).
-3
Let w(i) = 3*i**2 + 14*i - 22. Determine w(-8).
58
Let r(s) = s**2 - 87*s + 35. Determine r(88).
123
Let u(f) = -12*f**2 - 2*f + 3. Determine u(-6).
-417
Let n(o) = 22*o**2 - 2396*o - 222. What is n(109)?
-4
Let h(m) = 4*m**3 + 17*m**2 + 9*m + 9. Calculate h(-6).
-297
Let o(f) = f**3 - f**2 - 5*f - 17. Determine o(0).
-17
Let c(r) = 2*r**3 + 3*r**2 + 9*r + 38. Determine c(-3).
-16
Let g(s) = s**3 + 20*s**2 - 21*s - 12. Give g(-21).
-12
Let a(z) = 14*z - 771. Calculate a(55).
-1
Let i(z) = -99*z - 2977. Give i(-30).
-7
Let b(k) = 41*k - 1552. Determine b(38).
6
Let u(m) = -39*m + 384. What is u(7)?
111
Let x(n) = 213*n - 423. Give x(2).
3
Let m(c) = 24*c + 329. Determine m(-10).
89
Let p(l) = 14*l - 73. What is p(-7)?
-171
Let b(z) = -z**3 - 46*z**2 - 85*z + 11. Determine b(-44).
-121
Let u(a) = a**2 - 486*a + 3853. Give u(8).
29
Let j(z) = -z**3 - 4*z**2 + 68*z + 79. Calculate j(-10).
-1
Let s(t) = -2*t**2 - 523*t - 14069. Give s(-231).
22
Let b(u) = -150*u - 614. What is b(-4)?
-14
Let w(f) = 111*f + 765. What is w(-7)?
-12
Let g(d) = 29*d**2 + 16*d - 4. Determine g(3).
305
Let u(q) = -q**3 - 18*q**2 - 59*q + 25. Calculate u(-12).
-131
Let o(w) = -2*w**3 + 8*w**2 - 6*w + 1. Give o(5).
-79
Let l(x) = x**3 + 15*x**2 - 6*x + 11. Determine l(-16).
-149
Let c(q) = -24*q - 605. What is c(-26)?
19
Let p(i) = -18*i - 76. What is p(-8)?
68
Let p(h) = 70*h**3 - 3*h**2 - 4*h - 4. Give p(-1).
-73
